(-3))/((-6)/(-9)). Give z(g).
5
Let o = 16 + -16. Let a(m) = m**2 + 3. Determine a(o).
3
Let y(a) = -a. Let l be y(-2). Let d be (-1)/2 - 5/(-2). Let z be -1 + d/(4 - l). Let u(q) = q + 6. Give u(z).
6
Let x(t) = -t**3 - 8*t**2 - 8*t - 7. Let v = 101 + -108. Determine x(v).
0
Let d(s) = 2*s + 2. Let m be (-1 - -2)*(0 + 5). Suppose 2*a - 17 - m = -5*l, a = 2*l - 7. Give d(l).
10
Suppose 3*x + 0*x - 12 = 0. Suppose -b - x - 3 = 0. Let l(o) = o**2 + 5*o - 10. Calculate l(b).
4
Let w = 22 - 19. Let l(v) = -2*v**3 + v + 12 - 4 - 11 + v**w + 5*v**2. Calculate l(5).
2
Let b(w) = -41*w**2 + w - 4 + w + 40*w**2. Give b(3).
-7
Let n be (-2)/(-9) - 170/(-45). Let p(q) = -q**3 + 3*q**2 + 4*q + 5. Give p(n).
5
Let p(c) = -2*c - 10. Let o(z) = z + 5. Let s(g) = 13*o(g) + 6*p(g). Calculate s(-8).
-3
Suppose -4*o + 16 = 7*m - 3*m, 2*m = -3*o + 12. Let z(f) = -f**2 - f - 11. Give z(m).
-11
Let p(g) = -g - 8*g**2 + g + g - 1. Let t(z) = z**2 + z - 1. Suppose -2*y - c = -5*c + 6, 0 = 2*y + 2*c - 6. Let s be t(y). Give p(s).
-8
Let n(b) be the first derivative of b**2 + 23. Determine n(3).
6
Let s(h) = -2*h**3 + h - 3 + 3*h**3 - 3*h**2 - 2*h**3. Let b be 6 + -1 + 0/1. Let y = 2 - b. Calculate s(y).
-6
Let w = -1 + 1. Suppose 1 = -5*r + 16. Let c(a) = -8*a - a**2 - r + 8*a. Calculate c(w).
-3
Let o(y) = y**2 - 3*y + 1. Let p(c) = c**2 + 2*c. Let s be p(1). Give o(s).
1
Suppose r - 5 = 2*v - 14, 5*r - 5 = 0. Let z(d) = -d**3 + 5*d**2 - d + 6. Give z(v).
1
Let b(v) = v + 7. Let h be b(-4). Suppose 2 + 13 = h*i. Let l(s) = 5*s + 1. Let g(t) = 4*t. Let o(x) = -6*g(x) + 5*l(x). Calculate o(i).
10
Let b(j) be the second derivative of 0 + 0*j**2 - 2*j - 1/3*j**4 + 1/6*j**3. Give b(-1).
-5
Let x(m) = 0*m - 4*m**2 - m**3 + 0 - m + 0. Determine x(-4).
4
Suppose 0 = -3*p - p + 20. Let w be p - (0 - (-4 + 2)). Suppose -2*q = 4*v + 12, -w*v - 14 = q - 2*q. Let l(t) = t**3 + 5*t**2 + 6*t + 2. Give l(v).
-6
Let n(w) = -w**2 + w - 1. Suppose -5*x = 4*h - 26, 4*h - 3*x - 13 = -3. Calculate n(h).
-13
Let g(a) be the first derivative of -a**6/40 + a**5/30 - a**4/24 - a**2 - 1. Let w(v) be the second derivative of g(v). Calculate w(1).
-2
Let w(b) = b**2 - 2*b - 3. Suppose 0 = 4*l - 3*l - 120. Suppose -12 = -5*a + 2*h + 103, -4*a - 4*h + l = 0. Suppose 0 = 5*s - a, j = -4*s + 28 - 10. Give w(j).
5
Let y(a) = -2*a**2 - a + 4. Let i be y(4). Let l = i - -27. Let h(k) = -k**2 - 6*k - 3. What is h(l)?
2
Suppose -2*w + 8 = -6*w. Let q be (-2)/w*(-2)/(-2). Let o(j) = 6*j**3 - j**2 + j - 1. Give o(q).
5
Let x(u) = -u**2 + 7*u + 1. Let w be x(6). Let i = 2 - w. Let t(y) = y**2 + 3*y - 4. What is t(i)?
6
Let l(z) be the third derivative of -z**5/12 - z**4/12 + z**3/6 - 11*z**2. Determine l(1).
-6
Let u(b) be the second derivative of b**7/840 + b**5/120 - 7*b**4/24 - b**3 - b. Let g(r) be the second derivative of u(r). Calculate g(0).
-7
Let z(n) = n**2 + 6*n + 4. Let p be z(-4). Let c(r) = r**2 + 4*r + 4. Calculate c(p).
4
Let l(k) = -k**2 + 4*k - 7. Let f = 23 - 18. Determine l(f).
-12
Suppose -4*a - a = 60. Let u be a/66 + (-2)/(-11). Suppose u = -o - w - 3 - 7, -10 = -o + 4*w. Let l(p) = p**3 + 7*p**2 + 6*p + 6. Determine l(o).
6
Let n(h) be the third derivative of h**4/24 - h**3/3 + 10*h**2. Suppose 35 = -5*z + 15. What is n(z)?
-6
Let w(i) = 2*i - 3. Let b = 13 - 16. Let z(k) = -k + 1. Let c(v) = b*z(v) - w(v). Determine c(6).
6
Suppose 2*r + 10 = -4. Let b(j) = -j - 8. Calculate b(r).
-1
Let u(s) = s**2 - s - 7. Let o be u(4). Let w(n) be the first derivative of n**4/4 - 5*n**3/3 + n**2 - 6*n + 1. Calculate w(o).
4
Let s(h) = -3*h + 5*h - 8 + 0*h. Let i be s(7). Let g(z) = -4*z**3 + 7*z. Let l(j) = -7*j**3 + 15*j. Let t(c) = i*l(c) - 13*g(c). Determine t(-1).
-9
Let i(h) = -h**3 + 6*h**2 - 5*h + 3. Let j be i(5). Let x(a) = -a**2 + 5*a - 3. What is x(j)?
3
Suppose 3*x + 9 = 0, -5*l + x - 3 = -3*x. Let g(q) = q**3 + q**2 - 5*q - 3. Determine g(l).
-6
Suppose 8 + 1 = 3*d. Let f = d - 5. Let w(p) = 4*p + 2. Give w(f).
-6
Let c be (-2)/(-7) + 176/(-77). Let m(f) = f. Determine m(c).
-2
Let i(c) = -c**2 + 9*c. Suppose 3*y - 27 = -0. Determine i(y).
0
Suppose -2*y + 2*f - 6 = y, -3*y + 5*f + 3 = 0. Let b(w) be the first derivative of 5*w - 2 - w**2 + w**3 + 1/4*w**4. Calculate b(y).
-3
Let n(c) = c - 16. Let u(k) = -k - 6. Let m be u(-13). Determine n(m).
-9
Let z(i) be the first derivative of -i**4/4 - 2*i**3/3 - 3*i - 3. Suppose -3*a + 2*a + 5*f + 17 = 0, -2*f - 17 = 3*a. Determine z(a).
6
Let c(y) = 3*y - 10. Let o(f) = -3*f + 9. Let d(l) = 2*c(l) + 3*o(l). Calculate d(7).
-14
Let n(j) = -j**3 - j**2 + j + 3. Let y be n(0). Let u(z) = -8*z + y*z + z. What is u(-1)?
4
Let m be ((-8)/(-3))/(-1 + 10/15). Let d(w) = w**3 + 8*w**2 + w + 1. Determine d(m).
-7
Let c(b) be the first derivative of 4*b - 4/3*b**3 - 2 + 1/4*b**4 + 3/2*b**2. Let l be c(3). Let s(g) = -g**3 + 3*g**2 + 3*g - 4. Give s(l).
-8
Suppose -z = z - 4. Let u = z - -1. Let p(w) = -w**2 + 3*w - 4. Calculate p(u).
-4
Let j(u) = 3*u**2 + 3*u + 3. Let c(a) = 3*a + 10. Let z be c(-4). Give j(z).
9
Let l(r) = 4*r - 12 - 3*r + 5 - 3*r. What is l(-6)?
5
Suppose 0 = 5*v, -7*w = -3*w + 3*v - 16. Let a = 35 - 21. Suppose -3*p + u + 3*u = -a, p + w*u = -22. Let c(g) = -2*g**3 - 2*g**2 - 1. Determine c(p).
7
Suppose -5*b + 4*b - 2*b = 0. Let m be (-1 - 1/(-3))*6. Let t(h) = h. Let i(k) = 3*k - 1. Let g(y) = m*t(y) + i(y). Calculate g(b).
-1
Let u(n) = n**2 + n + 2. Let i = -15 + 9. Suppose 2*z = 1 + 7. Let j = i + z. Give u(j).
4
Let k(f) = -f**2 + 7*f + 6. Let z = -20 + 28. Determine k(z).
-2
Let j(v) = -4 + 4 + 4 - 2*v. Determine j(5).
-6
Suppose 37 = 3*x - 20. Suppose x = 3*f - 5*t, -2*t + t = 4*f - 10. Let c(v) = -6 + 2 + 4 + 2*v + 1 - f*v**2. Determine c(-1).
-4
Suppose 0 = o + 2*o - 6. Let h be (3/(o - -1))/1. Let q(w) = 0 + h - 2 + 5*w. Determine q(-1).
-6
Let n(c) be the first derivative of -1 + 4*c - 1/2*c**2. Let h(f) = f**2 + 2*f - 3. Let z be h(-3). What is n(z)?
4
Let u be 86/18 + (-4)/(-18). Let l(w) = 4*w + w - u*w + 7 + w. Let y(x) = -2*x + 1. Let h be y(3). What is l(h)?
2
Let i(p) = 6*p + 3. Let t(l) = l. Let o(g) = -i(g) - 2*t(g). Let d(x) = -15*x - 5. Let c(u) = 6*d(u) - 11*o(u). Give c(2).
-1
Let h(p) be the second derivative of p**4/12 + p**3/6 - 5*p**2 - 2*p. Let t = -6 - -6. What is h(t)?
-10
Let z(f) be the second derivative of f**5/20 + f**4/4 - f**3/3 - 3*f**2/2 - 6*f. Calculate z(-3).
3
Let w(t) be the second derivative of -t**4/12 - t**3/6 + 5*t**2/2 + 28*t. Calculate w(-4).
-7
Let i = 6 + -11. Let d(k) = k**3 + 5*k**2 + 5. Calculate d(i).
5
Let i be (1 + -1)/(-3 - -5). Let v(j) = i + 4*j - 6*j + 3. Let a be 0 + 0 - (0 + -2). Determine v(a).
-1
Let l(z) = -z**3 + z**2 - z - 1. Suppose n - 3*f = 9, 4*n = n + 5*f + 15. What is l(n)?
-1
Let f be 18/(-4)*2/3. Let v(x) = -x**2 - 3*x + 3. Calculate v(f).
3
Let g(y) = y - 3. Suppose -5*s - b = -6*b + 25, 3*s - 15 = -3*b. Let l = 5 + s. Let i be g(l). Let p(n) = -n**2 - 2. Calculate p(i).
-6
Let c = 8 - 6. Let h(g) = 2 - 1 - g + c*g + g. Calculate h(-3).
-5
Let n(f) = -f**2 - 7*f - 5. Suppose 12 = 3*a + 3. Suppose 0*r + 18 = -a*r. Determine n(r).
1
Let i(l) = 3 - 4 + 4 + l - 1. Let u(b) = 2*b + 7. Let m be u(-6). Give i(m).
-3
Let m(x) = x**2 + x + 2. Let s(i) = -2*i - 3. Let g(j) = 4*m(j) + 3*s(j). Let k(y) = y**3 + 9*y**2 + 7*y - 9. Let p be k(-8). Determine g(p).
5
Suppose -2*x = b + 2*b - 24, 4*b - 8 = 0. Suppose 3*k + c = -k + x, -5*k - 5*c + 30 = 0. Let q(y) = 6*y - 1. What is q(k)?
5
Let h(r) = r**2 + r + 2. Let d be h(2). Let l be d/(12/3 + -2). Let n(i) = 3*i + 1. Calculate n(l).
13
Let l(i) = -i**3 - 3*i**2 + 6*i + 2. Let r be (-4 + 3 - -4) + -3. Suppose -4*p - 3*g + r*g + 49 = 0, -25 = -p - 5*g. Suppose 3*z + 2 + p = 0. Calculate l(z).
-6
Suppose 80*p - 74*p + 48 = 0. Let s(j) = j + 2. What is s(p)?
-6
Let c(v) = v**3 - 6*v**2 + 5*v - 2. Suppose -3*x + 3 = k - 8, 5*k - 19 = -3*x. Suppose -k*n + 8 = -2. Determine c(n).
-2
Let k(j) = 6*j - j**3 + 5*j - j**2 - 13*j - 1. What is k(-1)?
1
Let g(c) = -c. Let i(f) = -4*f + 5. Let d = 7 - 8. Let v(u) = d*i(u) + 6*g(u). Determine v(-5).
5
Let y = -8 + 10. Let l(p) = 2*p - 1 + p - p - y. What is l(5)?
7
Let t(h) be the third derivative of 0*h - 1/2*h**3 + 1/24*h**4 - 3*h**2 + 0 + 1/40*h**5. Let l(f) be the first de